uppose 3*b - 3*r = 31 + 20, -5*b + 106 = 2*r. Calculate the remainder when b is divided by (1/1*-7)/(-1).
6
Suppose 152*i = 151*i + 5. Calculate the remainder when 12 is divided by i.
2
Let d = 32 + -20. What is the remainder when 21 is divided by d?
9
Let x(n) = 50*n**2 + 10*n + 7. Let i be x(-7). What is the remainder when (-2)/12 - i/(-66) is divided by 13?
10
What is the remainder when (10/35)/((-2)/(-1162)) is divided by 42?
40
Let p(s) = 3*s - 6. Calculate the remainder when 25 is divided by p(5).
7
Calculate the remainder when 73 is divided by (-824)/(-20) - 2 - (-1)/(-5).
34
Let o(b) = 3*b**2 - 5*b - 10. Calculate the remainder when o(5) is divided by 14.
12
Suppose 3 = -6*u + 117. Suppose 5*p - 112 - 68 = 0. Calculate the remainder when p is divided by u.
17
Suppose -4*t - 5*w = -2*t + 10, 4*w + 8 = 3*t. Calculate the remainder when 25 is divided by 0 + 2 + t - -12.
11
Let t(k) = -5*k - 4. What is the remainder when t(-6) is divided by 7?
5
Suppose 4*m = -6 + 26. Let n = -3 + m. What is the remainder when 2 is divided by n?
0
Suppose 114 = 2*m + 2*l + 36, -2*m - l = -80. What is the remainder when 119 is divided by m?
37
Let g(c) = c**3 - 5*c**2 + 4. Let i = -6 - -9. Suppose y - i - 9 = -d, y + 2 = d. What is the remainder when d is divided by g(5)?
3
Let m(l) = 25*l**2 + l. Suppose -60 = -4*k - 3*x - x, x = 5*k - 63. What is the remainder when m(-1) is divided by k?
11
Let t(x) = x**3 + 3*x**2 - 7*x - 6. Suppose -3*i = -4*i - 4. What is the remainder when t(i) is divided by 4?
2
Let t = 5 + 0. Suppose 4*o + 0*o + 4*i - 96 = 0, 2*o = t*i + 41. Suppose 9*u + 56 = 164. What is the remainder when o is divided by u?
11
Let o = 42 + -27. Let z be 2/10 + 176/20. Suppose -4*b - 231 = -z*d + 4*d, -4*d + 192 = -5*b. Calculate the remainder when d is divided by o.
13
Suppose -161 = z + 161. Let o(l) = l**2 + 5*l - 5. Let m be o(-4). What is the remainder when z/m - 4/(-18) is divided by 19?
17
Let h = 38 + -31. What is the remainder when (-2)/11 + (-134)/(-11) is divided by h?
5
Suppose 0 = -2*q + 3*q - 34. Let h = -1 - -1. Suppose 0 = -h*v + 2*v + 2*k - q, 3*v - 2*k = 31. Calculate the remainder when 37 is divided by v.
11
Let p = 3 + -2. Let w = 12 - 4. Let z = w + p. Calculate the remainder when 26 is divided by z.
8
Suppose 4*w = -0*w - 20. Let t = -4 - w. Calculate the remainder when 2 is divided by t.
0
Let h be (0 + -1)/((-6)/114). Suppose 0*o = -o + h. What is the remainder when o is divided by 148/20 + (-4)/10?
5
Let m = 5 + 11. Let w(u) = u**3 - 11*u**2 + 2*u + 9. Suppose -3*j - 4 - 17 = -3*f, 0 = 4*f + 4*j - 60. Calculate the remainder when w(f) is divided by m.
15
Let a(h) = h**3 - 7*h**2 - 9*h + 11. Let o be a(8). Let i = o - -32. What is the remainder when i is divided by 12?
11
Let t = 15 + -1. Calculate the remainder when 27 is divided by t.
13
Let l be 3/(3/(-15) + 0). What is the remainder when (-80)/l + (-1)/3 is divided by 3?
2
Let j(s) = s**3 + 4*s**2 - 1. Let o be j(-4). What is the remainder when -1 - o - 1 - -21 is divided by 572/78 - 1/3?
6
Suppose -l - 3*k = -7, k + 0*k = 4*l - 93. Suppose 3*g + 2*y = -2*y - 34, -4*g = -3*y + 12. Calculate the remainder when l is divided by 159/21 + g/(-14).
6
Let s(p) = 5*p**2 + 2. Let l = -1 - 1. Calculate the remainder when s(l) is divided by 3*(16/6)/1.
6
Suppose -2*m - 70 = -7*m. Let f(b) = b**3 - 12*b**2 + 3*b + 3. What is the remainder when f(12) is divided by m?
11
Suppose 2*w = t + 47, 0*w + 4*t - 54 = -3*w. Calculate the remainder when w is divided by 5.
2
Suppose -350 = -2*d + 578. Suppose -2*r = -i - 5*r + 143, -3*i - 2*r = -d. Calculate the remainder when 25 is divided by i/18 - (-2)/9.
7
Let i(t) = 46*t - 15. Calculate the remainder when i(2) is divided by 26.
25
Let p(c) be the second derivative of 7*c**3/6 + 2*c**2 - c. Suppose -5*j - 50 = -5*x, -x + 2*j = -3*x + 16. Calculate the remainder when p(3) is divided by x.
7
Suppose 5*z - 4*k + 0*k = 147, 3*k + 56 = 2*z. Suppose 2*v - 3*v + z = 0. What is the remainder when v is divided by 11?
9
Let t(s) = 5*s**2 + s**3 - 7*s**2 + s + 14 - 2*s**3. Let k = -59 - -99. What is the remainder when k is divided by t(0)?
12
Let q = 72 + -61. Calculate the remainder when 106 is divided by q.
7
Let m = 236 + -64. Let b = 61 - m. What is the remainder when b*(12/(-9) + 1) is divided by 13?
11
Let x(m) = 5*m**3 - m**2 + m. Suppose 2*i + 2 + 20 = -4*c, 0 = 3*i + 3*c + 39. Calculate the remainder when x(2) is divided by (i/4)/((-9)/48).
18
Let o(r) = 6*r**2 + 5*r + 4. Let y(h) = -7*h**2 - 6*h - 5. Let d(x) = 6*o(x) + 5*y(x). What is the remainder when d(6) is divided by 12?
11
Let c = 27 - 94. Let t = c - -101. Suppose -l = 12 - t. What is the remainder when l is divided by 12?
10
Let m(k) = 4 + 0*k + k**2 + 0*k**2 + 5*k. Calculate the remainder when ((-7)/(-2))/((-6)/(-60)) is divided by m(-7).
17
Suppose 2*a + 3*t = 4*a - 29, -2*t - 6 = 0. Let u = 10 + a. Let k = u - 14. Calculate the remainder when 11 is divided by k.
5
What is the remainder when 39 is divided by (-25)/10*1*-8?
19
Suppose 7*x = 11*x - 88. Calculate the remainder when x is divided by 5.
2
Suppose -3*p - 3*j + 60 = 0, -15 = -2*p - 3*j + 30. Calculate the remainder when 44 is divided by p.
14
Let y(i) = -i**2 - 10*i + 3. Let q be y(-10). Let f(t) = 33*t**q + 0*t - t**2 - 1 + t - 9*t**3. Calculate the remainder when f(1) is divided by 12.
11
Let y = 0 - 2. Let u = -62 - y. Let s = u - -91. Calculate the remainder when s is divided by 11.
9
Let r be -2*((-9)/3 + 2). Suppose 4*h = -4*w + 48, -r*h + 12 = -h - 2*w. Calculate the remainder when h is divided by 1/(1/(-7)*-1).
5
Let i(k) = 5*k + 8. What is the remainder when i(11) is divided by 11?
8
Suppose -2*b + 8 = 3*t - 13, -3*t = 3*b - 39. Let y = 83 + -78. Calculate the remainder when b is divided by y.
3
What is the remainder when 66 is divided by (-333)/(-15) - 8/(-10)?
20
Let d(f) = f**3 + 7*f**2 + 5*f - 6. Let k be d(-6). What is the remainder when 21 + -1 + k + -1 is divided by 7?
5
Let g = 70 + -38. What is the remainder when g is divided by 11?
10
Let i = 17 + 0. Suppose 0*k - 2*k + 5*v = -5, -5*v + 55 = 4*k. What is the remainder when i is divided by k?
7
Suppose 12*c = 15*c - 39. Calculate the remainder when 88 is divided by c.
10
Suppose 0 = -w + 5. Calculate the remainder when w is divided by (19/(-57))/((-2)/12).
1
Let k(f) = -f + 12. Calculate the remainder when 31 is divided by k(-5).
14
Calculate the remainder when 81 is divided by (40/50)/((-2)/(-35)).
11
Let f be -2 + 5 - 0 - 1. Suppose f*u = q - 4*q + 10, 0 = q - 2*u + 2. Calculate the remainder when q is divided by 1.
0
Let m = -43 - -81. Calculate the remainder when m is divided by 10.
8
Let z = 37 + -18. Calculate the remainder when z is divided by 11.
8
What is the remainder when 25 is divided by 11 + 3 + (-2)/4*2?
12
Suppose -5*t + 28 = y, 0 = 2*y + y - t - 132. Calculate the remainder when y is divided by 9.
7
Let w = 105 + -69. Calculate the remainder when w is divided by 19.
17
Suppose 4*k - 23 + 7 = 0. What is the remainder when k is divided by 3?
1
Let f(n) = 2*n + 1. Let s be f(2). Suppose 15 = -5*x, 0 = s*m + 2*x + 2*x - 13. Calculate the remainder when 14 is divided by m.
4
Let m be (0 - -16) + (-3)/1. Let s = 42 - m. Calculate the remainder when 84 is divided by s.
26
Let d(s) = s**3 + 2*s**2 - 4*s - 2. Let m be d(-3). Let j = 2 + m. Suppose 3 = -2*b + b, -j*u = -2*b - 57. What is the remainder when u is divided by 9?
8
Suppose 8 = 3*s - 19. Let i be (14/4)/(3/18). Let y = i - -5. What is the remainder when y is divided by s?
8
Suppose 21 + 3 = 3*s. Calculate the remainder when s is divided by 2.
0
Let v = 29 - 26. Calculate the remainder when 12 is divided by v.
0
Let o(m) = -4*m**2 + m**2 + 6*m**2 + 1 + 0*m**2 + 2*m. What is the remainder when 32 is divided by o(2)?
15
What is the remainder when 118 is divided by (-717)/(-18) + 5/30?
38
Let l(c) = c**2 - c - 6. Let q(h) = 1. Let u(a) = l(a) + 3*q(a). Calculate the remainder when 11 is divided by u(3).
2
Let u(g) = -g**2 - g + 5. Let a be u(5). Let k = 44 + a. What is the remainder when k is divided by 7?
5
Calculate the remainder when 81 is divided by (-148)/52 - -3 - 154/(-13).
9
Suppose -5*u = -5*a + 1145, 689 = -a + 4*a - u. Calculate the remainder when a is divided by 33.
32
Suppo